- 24 = -8*q + 6*q. What is the greatest common factor of m and q?
8
Suppose -4*b + 8 = -36. Suppose -378 = -b*a + 5*a. Suppose 47 + 3 = 5*c - 3*w, -3*c - 2*w = -11. Calculate the highest common factor of c and a.
7
Let v = -326 + 347. Suppose 0 = v*o + 19 - 166. What is the highest common factor of o and 119?
7
Let j = -10 - -14. Let m = -81 + 83. Suppose -3*r - m*h + h = -462, r + j*h = 143. What is the highest common divisor of 62 and r?
31
Suppose -6*c + 283 = -3*c - 467. What is the greatest common divisor of 30 and c?
10
Let u(r) = -r**3 + 3*r**2 - 3*r - 1. Let v be u(3). Let z(c) = -14*c - 134. Let j be z(v). Calculate the greatest common divisor of j and 102.
6
Let c(w) = -w**3 + 6*w**2 + 9*w - 5. Let r be c(7). Let b(v) = 678*v + 11535. Let p be b(-17). What is the highest common divisor of r and p?
9
Suppose a - 16562 = -5*b - 4062, 4*a = 0. What is the greatest common divisor of b and 60?
20
Let f(q) = 1. Let i(z) = 8*z + 10. Let j(d) = -f(d) - i(d). Let l = 20 - 33. Let k be j(l). What is the greatest common factor of 31 and k?
31
Let b = 24 + -22. Suppose b*s = -5*i + 10*i + 3, 5*s + 10 = -5*i. Let q be (-220)/(-8) + (i + 0)/2. What is the greatest common factor of q and 81?
27
Suppose -798 = -v - 132*v. Let u = 83 - 50. What is the highest common factor of v and u?
3
Let f be (-84)/(-10) + (-10)/25. Let l = -192 - -114. Let h = l + 110. What is the highest common divisor of f and h?
8
Suppose -434*i = -437*i + 120. Calculate the greatest common divisor of 380 and i.
20
Let m be 8 - (493/(-174) - 1/6). Suppose 115 - 27 = m*j. Calculate the highest common factor of j and 2.
2
Suppose -410 = -5*f + 4*k + 1213, -3*k = -2*f + 645. Let j = f - -542. Calculate the highest common factor of j and 11.
11
Suppose -340 + 1747 = -3*g. Let t = 487 + g. Calculate the highest common divisor of t and 297.
9
Suppose -6*q = 9*q - 1985 - 3145. What is the greatest common divisor of q and 190?
38
Suppose 3*j = -5*l - 4, -21 + 11 = -4*j + l. Let q be 2/(-4)*j - (65 - 80). What is the greatest common factor of q and 6?
2
Suppose -5*v - l - 147 = -4*v, -4*v + 5*l = 624. Let s = 177 + v. What is the highest common divisor of s and 169?
13
Let l be 2/3*(-4 - -7). Suppose 4 = -i - c, -8 = 3*c - l. Let n be (9/i)/(((-26)/60)/13). What is the highest common factor of 90 and n?
45
Let m be -6 + 3 + -16 + 9 - -26. Let c = -291 - -419. Calculate the highest common factor of m and c.
16
Let i(g) = -g + 6. Let n be i(6). Let f = -272 - -297. Suppose 2*x - c = f, n = 5*x - 4*x + c - 14. Calculate the greatest common divisor of x and 143.
13
Let s(t) = 6*t - 51. Suppose -4*z = 3*p - 54, -5*z + 4*p + 56 = 2*p. Let l be s(z). What is the greatest common factor of 56 and l?
7
Suppose q - q + 2*q = 0. Let j = q - -18. Suppose 4 = -2*n, -j = -b + 2*n - 5*n. What is the highest common factor of b and 18?
6
Suppose 3*z - 435 = -3*r, 4 = -2*r + 2. Suppose -n + 1 = 0, -19*i - 4*n = -24*i + z. Calculate the highest common factor of 105 and i.
15
Let t = -4113 - -4365. Calculate the greatest common factor of 56 and t.
28
Suppose 21*q = 49*q - 50820. What is the greatest common factor of q and 15?
15
Suppose -j = 2*q - 37, 43 - 14 = q - 3*j. Calculate the greatest common factor of 9340 and q.
20
Let z(g) = 449*g**2 + g + 1. Let h be z(1). Let r = -306 - -65. Let q = r + h. Calculate the highest common divisor of q and 42.
42
Let r(j) = 11*j - 18. Let l be r(10). Let i = l + -33. Let t = i - 39. Calculate the highest common factor of t and 20.
20
Let o be (-50)/(-6) - 0 - (-8)/12. Let s(j) = -4*j - 3. Let t be s(-12). Let i = t - o. Calculate the highest common factor of 360 and i.
36
Let v = 11357 - -3195. Calculate the greatest common divisor of v and 136.
136
Let m be 8/52 - (-1 + 375/(-13)). Suppose 13*w - 16*w - m = 0. Let z be 45/2*((-84)/w - 2). Calculate the highest common factor of z and 24.
24
Let q = -472 + 2487. Calculate the greatest common divisor of 310 and q.
155
Suppose -166*u = -7861 + 2432 - 3867. What is the greatest common factor of 602 and u?
14
Suppose 2*t = -2*t + 4*b + 4364, t - 2*b - 1094 = 0. Let h(q) = 2*q**3 + 20*q**2 - 370*q - 3794. Let z be h(-11). What is the highest common factor of z and t?
34
Let v be (4 + 8 + -12)/(-2). Suppose v = -5*m + 20, -2*m - 22 = -4*x + 62. What is the highest common divisor of x and 69?
23
Let g be ((-9874)/(-42) - -1) + 4/(-42). Calculate the highest common factor of g and 36.
4
Suppose -k + 5*q - 163 = 0, 4*k + 5*q - 3*q = -608. Let g = k + 301. Let y(f) = 7*f + 2. Let r be y(5). Calculate the greatest common divisor of g and r.
37
Suppose h + 19 = -5*g, -57 = -3*h - 3*g - 54. Calculate the highest common divisor of 858 and h.
6
Suppose 0 = -3*h + 9, -392 = -3*j + h - 107. What is the highest common divisor of j and 102?
6
Let o be 166*21/(924/110). Calculate the highest common divisor of o and 2573.
83
Let m be (-45746)/(-8) + (-30)/24 + 3. What is the highest common divisor of 80 and m?
40
Suppose 14*u - 19*u = -370. Let f = 78 - u. Suppose 2*c + l + f*l - 36 = 0, 72 = 4*c - l. Calculate the highest common divisor of 234 and c.
18
Let q(b) = -5*b**2 - 77*b - 123. Let s be q(-9). What is the greatest common factor of s and 1020?
15
Let d = 7 - -3. Let j(m) = -2*m + 13. Let r be j(d). Let k = 17 + r. What is the greatest common factor of k and 90?
10
Let j be (-1)/((-2)/155) - (110/(-20) - -7). What is the greatest common divisor of j and 1102?
38
Let w(s) = -s**2 + 36*s - 33. Let t be w(35). Suppose -6 = -2*y, 3*y = t*m + 41 - 98. Calculate the highest common divisor of 33 and m.
33
Let q be 112594/190 + (-7)/(-5). Calculate the greatest common divisor of q and 660.
66
Suppose -4*r = 5*h - 147, 4*h - r = 7*h - 91. Suppose 0 = -8*p - h + 111. Calculate the highest common factor of 260 and p.
10
Let g = 10347 - 5849. What is the greatest common factor of 130 and g?
26
Let y(s) = s**3 + 29*s**2 - 42*s - 180. Let v be y(-30). Calculate the greatest common divisor of v and 120.
60
Let c(w) = -w**3 - 6*w**2 + 12*w - 5. Let x be c(-9). Let b be (210/20)/((-3)/(-40)). Suppose -4*l + b = 10*l. What is the greatest common factor of x and l?
10
Suppose 0 = -107*m + 2917 + 32823 + 5455. What is the greatest common factor of m and 935?
55
Let z(l) = -3*l**3 - 3*l**2 + 13*l + 11. Let n be z(-4). Suppose -117*j + 392 = -n*j. What is the greatest common divisor of j and 8?
4
Suppose 0 = 2*q - 32 - 906. What is the highest common divisor of 14 and q?
7
Suppose n - 2*o + 7*o - 60 = 0, -3*n = 3*o - 240. Let j = -6319 - -6334. What is the highest common factor of n and j?
5
Let f(l) = -121*l + 7. Let s be f(-13). Calculate the highest common divisor of 237 and s.
79
Let c(g) = 2*g**2 + 9*g - 14. Let i be c(-6). Suppose -i*o - 7 = -31. What is the greatest common factor of 6 and o?
6
Let f(r) = -2*r**3 - 37*r**2 - 17*r + 41. Let c be f(-18). Suppose -3*w = 2*z - 32 + 2, 5*z = -w + c. What is the highest common factor of w and 3?
1
Let z(b) = b**2 + 19*b + 37. Let q be z(-18). Suppose 0 = a - 2*u + q - 118, 528 = 5*a + u. Calculate the highest common divisor of a and 15.
15
Let x be (-1420)/(-8)*5/20 - (-54)/(-144). Let d be 8 - ((-9)/(-3) + 1). Calculate the greatest common divisor of d and x.
4
Let y(j) = -12*j**2 + 20*j + 20. Let m(n) = 17*n**2 - 30*n - 30. Let p(u) = -5*m(u) - 7*y(u). Let d be p(8). Calculate the greatest common divisor of 39 and d.
13
Let l = 34 + -29. Suppose l*v = -3*z - 117, -5*z + z = 5*v + 116. Let n = v - -64. Calculate the greatest common divisor of 16 and n.
8
Let x(d) = 65*d - 681. Let a be x(60). What is the highest common divisor of 111 and a?
111
Suppose -5 = -15*l + 40. Suppose 6*m = 3*m, -l*m = -4*x + 304. Calculate the greatest common divisor of x and 342.
38
Let t(h) = 2*h**3 + 3*h**2 + 6*h + 2. Let n = -67 - -64. Let s be t(n). Let p = s + 63. What is the highest common factor of 12 and p?
4
Let b be -3 - -4 - 350/(-25). Suppose d + 4*i - 103 = 17, -d = -3*i - 120. What is the greatest common divisor of b and d?
15
Suppose 5*w = -5, 0*w = u - 3*w. Let x be ((-1)/(2 + u) + -1)/1. Let d be 836/6 + x + (-8)/(-12). What is the greatest common factor of 35 and d?
35
Let t(g) = 3 + 39 - 2*g + 6. Let z be t(-6). Calculate the greatest common factor of 12 and z.
12
Let z(b) = b**3 - 12*b**2 - 29*b + 6